(m) = m**3 + 2*m**2 - 3*m - 13. Suppose 4786*c = 4763*c. What is s(c)?
-13
Let o(u) = -u**3 + 10*u**2 + u - 1. Let p(l) = -5*l**3 + 74*l**2 - 8*l + 39. Let m(x) = -6*o(x) + p(x). Calculate m(-15).
30
Let g = -565 - -563. Suppose 4 + 6 = c. Let n(q) = q**2 - 2*q - c + 7 + 2*q**2. Calculate n(g).
13
Let m(j) be the second derivative of -j**5/20 + 10*j**3/3 - 4*j**2 + 29*j - 5. Give m(4).
8
Let s(i) be the third derivative of 1/120*i**5 + 0*i + 0 - 3*i**3 + 1/24*i**4 - 8*i**2. Let o(x) be the first derivative of s(x). Calculate o(6).
7
Let t(o) = -5*o - 27. Let q be t(-6). Let x(p) = 4*p**2 + 6*p + 48*p**q + 48*p**3 + 6 - 97*p**3 - p. Calculate x(5).
6
Let m = 72 - 65. Suppose -333 = m*o - 10*o. Let g(q) = -215*q - 2 + o*q + 108*q - 2*q**2. Determine g(2).
-2
Let t(o) = -110*o**2 + 316*o + 19*o**2 + 23*o**2 + 32*o**2 + 15*o**2 - 8. Determine t(15).
7
Let c(l) = 101*l - 5. Let k(d) = -287*d + 12. Let v(w) = -17*c(w) - 6*k(w). What is v(-6)?
-17
Let g(c) = 66*c**3 - 6*c**2 - 5*c - 1. Let f(v) = 69*v**3 - 4*v**2 - 4*v - 1. Let r(d) = -4*f(d) + 3*g(d). Determine r(1).
-78
Let m = 62 - 31. Suppose -m + 108 = 7*p. Let u(n) = 8*n - n**2 + 0*n - 2 - p*n. Calculate u(-4).
-6
Let z(h) be the second derivative of h**7/840 - h**6/72 + h**4/12 + 19*h**3/3 - h**2 + 36*h. Let q(s) be the second derivative of z(s). What is q(4)?
-14
Let d(x) = x. Let u(f) = 4*f**2 + 1. Let h(g) = -d(g) - u(g). Let v(t) = t**2 - t + 1. Let j(q) = -h(q) - 2*v(q). Give j(-3).
8
Let n(v) = 2*v**2 + v - 9. Let p(i) = -12*i**2 - 5*i + 41. Let x(k) = 4*n(k) + p(k). Calculate x(5).
-100
Let r(z) = -12036*z - 24075. Let o be r(-2). Let f(q) = 2*q**2 - 2*q + 4. Let i(a) = a**2 - a + 2. Let t(j) = 3*f(j) - 5*i(j). What is t(o)?
14
Let p(w) be the first derivative of -2 - 1/2*w**2 + 2/3*w**3 + 0*w. Let o(g) = -394*g + 4727. Let c be o(12). What is p(c)?
3
Suppose 5*j + 2 = 3*j. Let c(r) be the second derivative of -1/6*r**3 + 1/20*r**5 + 17*r + 0*r**4 + 0 + 0*r**2. Calculate c(j).
0
Let j(d) = -d**3 + 4*d**2 - d - 3. Let n be j(3). Suppose 2*l + n*l = 4*c + 156, -l + 20 = 2*c. Suppose l*r = 23*r. Let h(t) = t**3 - t**2 + t + 3. Give h(r).
3
Let h(s) = 3*s - 5. Suppose 2*i + 4 = 8. Suppose 2*o - 5*a = -111, o - 57 = i*o - 2*a. Let j = o + 68. Calculate h(j).
10
Let a(y) = -y**3 + 10*y**2 + 3. Let s be a(10). Suppose -5 - s = -2*d. Let m(w) be the first derivative of -w**4/4 + 4*w**3/3 - 5*w + 658. What is m(d)?
-5
Let l(z) = z**3 - z**2 + 5. Suppose 2*s + 504 = 2*a, -a - 2*s = -0*s - 237. Let f = -247 + a. What is l(f)?
5
Let w(b) be the third derivative of b**5/120 + 7*b**4/24 - 35*b**3/3 - 221*b**2. Let y(o) be the first derivative of w(o). Give y(-9).
-2
Let q(s) be the first derivative of -9*s**2/2 + s + 4. Suppose -775*b + 13 = -762*b. Give q(b).
-8
Suppose -5620*w = -5604*w - 32. Suppose -3*p - 4*q + 15 = 0, 0*p + 5*q = -p + 5. Let s(d) = -2*d**w - 1 - 3*d + 2*d + p. Calculate s(-3).
-11
Suppose -6 - 3 = 9*r. Let t be -1*(r - 1)*52/13. Suppose 4*o + t - 28 = 0. Let a(b) = b**3 - 6*b**2 + 5*b - 5. Give a(o).
-5
Let x(p) = -7*p + 0*p**3 + 3*p**2 + p**2 + 0*p**2 - 8 + p**3. Suppose -93*j = -151*j - 290. Give x(j).
2
Let l(r) be the second derivative of -r**5/20 + 7*r**4/12 - r**3 + 5*r**2 - 309*r. Give l(7).
-32
Let d(w) = w**2 + w - 2. Suppose 0 = 2*u - 4*u - 4, 5*z = -u + 13. Let v(m) = -7 + 8*m**2 + 5*m**2 - z*m - 12*m**2. Let y be v(4). Calculate d(y).
4
Suppose 16 = 29*r - 28*r. Let n(i) = 3 + 17 - r + 0*i - 3*i. Give n(5).
-11
Let m(d) = 22*d - 1334. Let u be m(61). Let c(s) = -s**3 + 8*s**2 - 11*s - 5. Calculate c(u).
-93
Let c(n) = -2*n - 5. Let l(s) = 3*s + 17. Let m be l(-8). Determine c(m).
9
Let l(c) = c**2 + 6*c + 4. Suppose -2*h = -2*j + 94, -4*j = 3*h + 2*h - 179. Suppose x + 5*o + 25 = 0, 26 = -x + 3*o - 39. Let n = x + j. Calculate l(n).
-4
Let l(d) = -3*d + 1531 + 14*d**2 - 2*d - 1632 - 13*d**2. Give l(13).
3
Let t(g) = 193*g + 184. Let v be t(-1). Let l(n) = -n + 9*n**2 + 3*n**3 + 4*n**3 - 3 - 6*n**3. What is l(v)?
6
Let k be 1/(2/(-8)) - -4. Suppose -2*o = -k*o + 16. Let z(a) = 2*a + 8*a**2 - 5*a + 22 + a**3 + 4*a - 13. Determine z(o).
1
Let d(u) be the third derivative of -7/24*u**4 - 10 + 0*u - u**3 + 7/60*u**5 - u**2 + 1/120*u**6. Give d(-8).
-14
Let u(o) be the second derivative of -o**4/12 + 19*o**3/3 + 87*o**2 - 24*o - 8. Give u(42).
6
Suppose 5*k + 1056 = 9*k. Let v(m) = -262*m + k*m - 6 + 0. Give v(8).
10
Suppose 2*f + 0*f = -3*o + 127, 0 = -4*f + o + 219. Suppose x - f = -51. Let h(d) = -2 + 0 - 4*d - 5 + x*d. Calculate h(6).
-1
Suppose 4*d - 2*a - 26 = 12, -d + 17 = a. Suppose -13*h = d + 14. Let u(k) = -5*k + 9. Let x(f) = 2*f - 4. Let r(m) = -4*u(m) - 9*x(m). Give r(h).
-4
Let c(v) = v**3 - 5*v**2 - v + 13. Let g(p) = -p**3 - 30*p**2 - 6*p - 177. Let i be g(-30). What is c(i)?
-8
Let u(v) = -v**2 - v - 1. Let a(k) = -k**3 - 7*k**2 - k + 45. Let j be a(-5). Suppose 3*w - 9 = -j*w. Determine u(w).
-13
Suppose -16 = -2*n - 4*a, 4*n - 25 = -2*a - 23. Let t(j) = -j**3 - j - 6. Give t(n).
4
Let n = -2292 + 2286. Let i(g) = -g**3 - 5*g**2 - 5*g - 3. Give i(n).
63
Let i be (-30)/1 - (47 - 51). Let d(a) = -a**3 - 25*a**2 + 24*a - 48. Determine d(i).
4
Let i(r) = -8*r - 15 + 1 + r**2 + 8*r - 2*r. What is i(-3)?
1
Let u(g) = -g**3 - 27*g**2 + 60*g + 60. Suppose -5*m - 281 = 3*w - 234, 0 = 3*m - 24. Calculate u(w).
2
Let x(i) be the second derivative of 4*i**3 - 985*i**2/2 - 37*i + 153. Determine x(41).
-1
Let o(d) be the first derivative of d**2 + 7*d - 925. Give o(-5).
-3
Let z(g) = -g**3 - g**2 + 2*g - 2. Let r(v) = -3*v**3 + 6*v**2 + 24*v + 6. Let q(c) = -r(c) + 4*z(c). Give q(-8).
-14
Let n(b) = 10*b + 460. Suppose 547 + 250 = -23*h - 261. Determine n(h).
0
Let t be ((-30)/(-495) - (-848)/(-924))/(3/(-14)). Let b(k) = -k**2 - k. Let v(c) = -c**3 - 2*c**2 - 3*c + 4. Let w(g) = 5*b(g) - v(g). Give w(t).
4
Suppose 320 = 332*y - 372*y. Suppose v - 1 = 1. Let o(k) = -4 - v*k + 6*k - 5*k. Give o(y).
4
Suppose 2*t + 2*o + 5 = -3*t, 5*t = -o. Suppose s = 5 + t. Let h(g) be the first derivative of -g**3/3 + 7*g**2/2 - 3*g - 4454. Calculate h(s).
3
Let y be (-1373)/5 + (-10)/25. Let k = y - -278. Let m(x) = 3*x - 1. What is m(k)?
8
Let c(g) = 9*g**2 - 5. Let y(r) = 3*r**2 - 2*r - 1. Let x(w) = -c(w) + 2*y(w). Determine x(1).
-4
Let u(m) = -m**3 - 12*m**2 - 23*m + 2. Let k be -6 - (8/7)/((-194)/679). Calculate u(k).
8
Let m(y) = -y**2 - 2*y + 6. Suppose 48*u - 1153 + 961 = 0. Determine m(u).
-18
Suppose -f + 84 = 80. Suppose -5*g = -4*x + 7, f = -3*x - 2*g + 38. Let m(o) = -2*o + 8. What is m(x)?
-8
Let q(h) = 8*h**3 + 28*h**2 + 5*h - 10. Let f(o) = 3*o**3 + 14*o**2 + 2*o - 6. Let x(c) = 5*f(c) - 2*q(c). What is x(14)?
-10
Let u = 3096 + -3063. Let v(i) = -i**2 + 34*i - 21. Determine v(u).
12
Let b be 1 - (-3 - (3 - 2)). Suppose 0 = -0*v + b*v - 10. Suppose 3*l - 23 = -v. Let z(w) = w**3 - 8*w**2 + 8*w - 1. Determine z(l).
6
Let r(b) be the second derivative of -b**3/6 - 11*b**2/2 + 2*b - 408. What is r(4)?
-15
Let l(h) = -h + 2. Let o be l(6). Let s(g) be the second derivative of -g**4/12 - 5*g**3/6 - 3*g**2/2 - 65693*g. Give s(o).
1
Let m(a) = 4*a**2 + a - 1. Let q be 3 + (-2)/((-8)/(-12)). Suppose q = -9*x + x + 24. Suppose 3*d - l + x = -6, -d = l - 1. Determine m(d).
13
Let x = 19 - 8. Suppose -c = -x - 26. Suppose 4*m + c = -0*m + 3*h, 0 = h - 3. Let a(w) = -3*w - 10. What is a(m)?
11
Let t be (-2 - (-130)/15) + 380/285. Let b(w) = w - 12. Let y(q) = -2*q + 23. Let p(v) = -7*b(v) - 4*y(v). Give p(t).
0
Let f(t) = t**3 - 3*t**2 + 9*t - 17. Let m(l) = -l**2 - 329*l - 3187. Let w be m(-10). Give f(w).
10
Suppose s = -4*w + 7, -2*s = 5*w - 0 - 5. Suppose 4*g - 2*u - 9 = u, u = -4*g - w. Let i(k) be the first derivative of -k**2/2 - 6*k - 25. Calculate i(g).
-6
Suppose 0 = -5*v - 4*w - 1, 0 = 4*v - 3*w + 6 + 1. Let l be 8 + -5 + (v - 8). Let b(y) be the third derivative of -y**4/24 - y**3/6 - 2*y**2. Calculate b(l).
5
Let y be ((-64)/(-4))/4 - (-1)/((-12)/18). Let l(q) be the first derivative of 13 - 6*q - y*q**2. What is l(-4)?
14
Suppose -4*s + 4*q - 19 = 29, -5*s - 52 = -3*q. Let x be ((-192)/256)/(1 + 6/s). Let l(z) be the second derivative of z**3/3 + z**2/2 + 6*z. What is l(x)?
-5
Let t(o) = o - 447 + 226 + 233. Let u = 24 - 31. Give t(u).
5
Let q = -24 + 26. Let